{"id":108,"date":"2024-07-23T10:23:27","date_gmt":"2024-07-23T08:23:27","guid":{"rendered":"http:\/\/aperpsicologia.es\/?page_id=108"},"modified":"2024-08-21T10:50:27","modified_gmt":"2024-08-21T08:50:27","slug":"aviso-legal","status":"publish","type":"page","link":"https:\/\/aperpsicologia.es\/en\/aviso-legal\/","title":{"rendered":"Legal Notice"},"content":{"rendered":"<div data-elementor-type=\"wp-page\" data-elementor-id=\"108\" class=\"elementor elementor-108\" data-elementor-post-type=\"page\">\n\t\t\t\t<div class=\"elementor-element elementor-element-62f7578 e-flex e-con-boxed e-con e-parent\" data-id=\"62f7578\" data-element_type=\"container\">\n\t\t\t\t\t<div class=\"e-con-inner\">\n\t\t\t\t<div class=\"elementor-element elementor-element-5241b8c elementor-widget elementor-widget-text-editor\" data-id=\"5241b8c\" data-element_type=\"widget\" data-widget_type=\"text-editor.default\">\n\t\t\t\t<div class=\"elementor-widget-container\">\n\t\t\t\t\t\t\t\t\t<h2>Datos identificativos<\/h2>\n<ul>\n \t<li>Titular:\u00a0<strong>FRANCISCO JAVIER VERGARA BOLOS<\/strong><\/li>\n \t<li>NIF \/ CIF:\u00a0<strong>07562930R<\/strong><\/li>\n \t<li>Correo electr\u00f3nico: <b>anaperezlopez@cop.es<\/b><\/li>\n \t<li>Domicilio social: <strong>Plaza Isabel II 1, Entreplanta, puerta 3, 02005, Albacete, Albacete<\/strong><\/li>\n<\/ul>\n<h2>Propiedad Intelectual<\/h2>\n<p style=\"padding-left: 40px;\">La empresa es titular de todos los derechos de propiedad intelectual e industrial de esta p\u00e1gina web, as\u00ed como de los elementos de contenido en la misma. Todos los derechos est\u00e1n reservados.<\/p>\nEn virtud de lo dispuesto en los art\u00edculos 8 y 32.1, p\u00e1rrafo segundo, de la Ley de Propiedad Intelectual, quedan expresamente prohibidas la reproducci\u00f3n, la distribuci\u00f3n y la comunicaci\u00f3n p\u00fablica, incluida su modalidad de puesta a disposici\u00f3n, de la totalidad o parte de los contenidos de esta p\u00e1gina web, con fines comerciales, en cualquier soporte y por cualquier medio t\u00e9cnico, sin la autorizaci\u00f3n de la empresa.\n<h2>Enlaces externos y banners<\/h2>\n<p style=\"padding-left: 40px;\">En caso de que la p\u00e1gina web incluya enlaces externos a otras p\u00e1ginas web, tiene una finalidad meramente informativa, y no supone que la empresa recomiende dichas p\u00e1ginas web, sobre los que no ejerce control alguno, ni es responsable de los mismos.<\/p>\n\n<h2>Blog<\/h2>\n<p style=\"padding-left: 40px;\">En caso de que la p\u00e1gina web tenga un apartado con caracter\u00edsticas de blog, su finalidad es la difusi\u00f3n de los diferentes servicios ofrecidos por la empresa. El titular de la web no se responsabiliza de las opiniones de los usuarios y se reserva los derechos de borrar los comentarios que pudieran resultar ofensivos o denigrantes. Adem\u00e1s, puede bloquear e impedir los futuros comentarios provenientes de los autores de dichos comentarios.<\/p>\n\n<h2>T\u00e9rminos generales de uso<\/h2>\n<p style=\"padding-left: 40px;\">El acceso y uso de este p\u00e1gina web le atribuye la condici\u00f3n de usuario, aceptando los t\u00e9rminos y condiciones generales de uso para poder usar todos los servicios e informaci\u00f3n que se facilitan. Las presentes condiciones generales de uso regulan el acceso y la utilizaci\u00f3n de la p\u00e1gina web, incluyendo los contenidos y los servicios puestos a disposici\u00f3n de los usuarios. El mero acceso o utilizaci\u00f3n en esta p\u00e1gina web, de todos o parte, de sus contenidos y servicios significa la plena aceptaci\u00f3n de las presentes condiciones de uso.<\/p>\nPara informarte de los datos personales que recabamos y la forma en que lo hacemos puedes acceder a nuestra Pol\u00edtica de Privacidad.\n\nEsta web, por tanto, cumple rigurosamente con el RGPD (REGLAMENTO UE 2016\/679 de protecci\u00f3n de datos) y la LSSI-CE la Ley 34\/2002, del 11 de julio, de servicios de la sociedad de la informaci\u00f3n y de comercio electr\u00f3nico.\t\t\t\t\t\t\t\t<\/div>\n\t\t\t\t<\/div>\n\t\t\t\t\t<\/div>\n\t\t\t\t<\/div>\n\t\t\t\t<\/div>","protected":false},"excerpt":{"rendered":"<p>Datos identificativos Titular:\u00a0FRANCISCO JAVIER VERGARA BOLOS NIF \/ CIF:\u00a007562930R Correo electr\u00f3nico: anaperezlopez@cop.es Domicilio social: Plaza Isabel II 1, Entreplanta, puerta 3, 02005, Albacete, Albacete Propiedad Intelectual La empresa es titular de todos los derechos de propiedad intelectual e industrial de esta p\u00e1gina web, as\u00ed como de los elementos de contenido en la misma. Todos los [&hellip;]<\/p>","protected":false},"author":1,"featured_media":0,"parent":0,"menu_order":0,"comment_status":"closed","ping_status":"closed","template":"","meta":{"inline_featured_image":false,"footnotes":""},"class_list":["post-108","page","type-page","status-publish","hentry"],"yoast_head":"<!-- This site is optimized with the Yoast SEO plugin v24.9 - https:\/\/yoast.com\/wordpress\/plugins\/seo\/ -->\n<title>Aviso Legal - Aper Psicolog\u00eda<\/title>\n<meta name=\"robots\" content=\"index, follow, max-snippet:-1, max-image-preview:large, max-video-preview:-1\" \/>\n<link rel=\"canonical\" href=\"https:\/\/aperpsicologia.es\/en\/aviso-legal\/\" \/>\n<meta property=\"og:locale\" content=\"en_US\" \/>\n<meta property=\"og:type\" content=\"article\" \/>\n<meta property=\"og:title\" content=\"Aviso Legal - Aper Psicolog\u00eda\" \/>\n<meta property=\"og:description\" content=\"Datos identificativos Titular:\u00a0FRANCISCO JAVIER VERGARA BOLOS NIF \/ CIF:\u00a007562930R Correo electr\u00f3nico: anaperezlopez@cop.es Domicilio social: Plaza Isabel II 1, Entreplanta, puerta 3, 02005, Albacete, Albacete Propiedad Intelectual La empresa es titular de todos los derechos de propiedad intelectual e industrial de esta p\u00e1gina web, as\u00ed como de los elementos de contenido en la misma. Todos los [&hellip;]\" \/>\n<meta property=\"og:url\" content=\"https:\/\/aperpsicologia.es\/en\/aviso-legal\/\" \/>\n<meta property=\"og:site_name\" content=\"Aper Psicolog\u00eda\" \/>\n<meta property=\"article:modified_time\" content=\"2024-08-21T08:50:27+00:00\" \/>\n<meta name=\"twitter:card\" content=\"summary_large_image\" \/>\n<meta name=\"twitter:label1\" content=\"Est. reading time\" \/>\n\t<meta name=\"twitter:data1\" content=\"2 minutes\" \/>\n<script type=\"application\/ld+json\" class=\"yoast-schema-graph\">{\"@context\":\"https:\/\/schema.org\",\"@graph\":[{\"@type\":\"WebPage\",\"@id\":\"https:\/\/aperpsicologia.es\/aviso-legal\/\",\"url\":\"https:\/\/aperpsicologia.es\/aviso-legal\/\",\"name\":\"Aviso Legal - Aper Psicolog\u00eda\",\"isPartOf\":{\"@id\":\"https:\/\/aperpsicologia.es\/#website\"},\"datePublished\":\"2024-07-23T08:23:27+00:00\",\"dateModified\":\"2024-08-21T08:50:27+00:00\",\"breadcrumb\":{\"@id\":\"https:\/\/aperpsicologia.es\/aviso-legal\/#breadcrumb\"},\"inLanguage\":\"en-US\",\"potentialAction\":[{\"@type\":\"ReadAction\",\"target\":[\"https:\/\/aperpsicologia.es\/aviso-legal\/\"]}]},{\"@type\":\"BreadcrumbList\",\"@id\":\"https:\/\/aperpsicologia.es\/aviso-legal\/#breadcrumb\",\"itemListElement\":[{\"@type\":\"ListItem\",\"position\":1,\"name\":\"Home\",\"item\":\"https:\/\/aperpsicologia.es\/\"},{\"@type\":\"ListItem\",\"position\":2,\"name\":\"Aviso Legal\"}]},{\"@type\":\"WebSite\",\"@id\":\"https:\/\/aperpsicologia.es\/#website\",\"url\":\"https:\/\/aperpsicologia.es\/\",\"name\":\"Aper Psicolog\u00eda\",\"description\":\"\",\"publisher\":{\"@id\":\"https:\/\/aperpsicologia.es\/#organization\"},\"potentialAction\":[{\"@type\":\"SearchAction\",\"target\":{\"@type\":\"EntryPoint\",\"urlTemplate\":\"https:\/\/aperpsicologia.es\/?s={search_term_string}\"},\"query-input\":{\"@type\":\"PropertyValueSpecification\",\"valueRequired\":true,\"valueName\":\"search_term_string\"}}],\"inLanguage\":\"en-US\"},{\"@type\":\"Organization\",\"@id\":\"https:\/\/aperpsicologia.es\/#organization\",\"name\":\"Aper Psicolog\u00eda\",\"url\":\"https:\/\/aperpsicologia.es\/\",\"logo\":{\"@type\":\"ImageObject\",\"inLanguage\":\"en-US\",\"@id\":\"https:\/\/aperpsicologia.es\/#\/schema\/logo\/image\/\",\"url\":\"http:\/\/aperpsicologia.es\/wp-content\/uploads\/2024\/07\/Logo-Sin-Fondo.png\",\"contentUrl\":\"http:\/\/aperpsicologia.es\/wp-content\/uploads\/2024\/07\/Logo-Sin-Fondo.png\",\"width\":372,\"height\":372,\"caption\":\"Aper Psicolog\u00eda\"},\"image\":{\"@id\":\"https:\/\/aperpsicologia.es\/#\/schema\/logo\/image\/\"}}]}<\/script>\n<!-- \/ Yoast SEO plugin. -->","yoast_head_json":{"title":"Aviso Legal - Aper Psicolog\u00eda","robots":{"index":"index","follow":"follow","max-snippet":"max-snippet:-1","max-image-preview":"max-image-preview:large","max-video-preview":"max-video-preview:-1"},"canonical":"https:\/\/aperpsicologia.es\/en\/aviso-legal\/","og_locale":"en_US","og_type":"article","og_title":"Aviso Legal - Aper Psicolog\u00eda","og_description":"Datos identificativos Titular:\u00a0FRANCISCO JAVIER VERGARA BOLOS NIF \/ CIF:\u00a007562930R Correo electr\u00f3nico: anaperezlopez@cop.es Domicilio social: Plaza Isabel II 1, Entreplanta, puerta 3, 02005, Albacete, Albacete Propiedad Intelectual La empresa es titular de todos los derechos de propiedad intelectual e industrial de esta p\u00e1gina web, as\u00ed como de los elementos de contenido en la misma. Todos los [&hellip;]","og_url":"https:\/\/aperpsicologia.es\/en\/aviso-legal\/","og_site_name":"Aper Psicolog\u00eda","article_modified_time":"2024-08-21T08:50:27+00:00","twitter_card":"summary_large_image","twitter_misc":{"Est. reading time":"2 minutes"},"schema":{"@context":"https:\/\/schema.org","@graph":[{"@type":"WebPage","@id":"https:\/\/aperpsicologia.es\/aviso-legal\/","url":"https:\/\/aperpsicologia.es\/aviso-legal\/","name":"Aviso Legal - Aper Psicolog\u00eda","isPartOf":{"@id":"https:\/\/aperpsicologia.es\/#website"},"datePublished":"2024-07-23T08:23:27+00:00","dateModified":"2024-08-21T08:50:27+00:00","breadcrumb":{"@id":"https:\/\/aperpsicologia.es\/aviso-legal\/#breadcrumb"},"inLanguage":"en-US","potentialAction":[{"@type":"ReadAction","target":["https:\/\/aperpsicologia.es\/aviso-legal\/"]}]},{"@type":"BreadcrumbList","@id":"https:\/\/aperpsicologia.es\/aviso-legal\/#breadcrumb","itemListElement":[{"@type":"ListItem","position":1,"name":"Home","item":"https:\/\/aperpsicologia.es\/"},{"@type":"ListItem","position":2,"name":"Aviso Legal"}]},{"@type":"WebSite","@id":"https:\/\/aperpsicologia.es\/#website","url":"https:\/\/aperpsicologia.es\/","name":"Aper Psicolog\u00eda","description":"","publisher":{"@id":"https:\/\/aperpsicologia.es\/#organization"},"potentialAction":[{"@type":"SearchAction","target":{"@type":"EntryPoint","urlTemplate":"https:\/\/aperpsicologia.es\/?s={search_term_string}"},"query-input":{"@type":"PropertyValueSpecification","valueRequired":true,"valueName":"search_term_string"}}],"inLanguage":"en-US"},{"@type":"Organization","@id":"https:\/\/aperpsicologia.es\/#organization","name":"Aper Psicolog\u00eda","url":"https:\/\/aperpsicologia.es\/","logo":{"@type":"ImageObject","inLanguage":"en-US","@id":"https:\/\/aperpsicologia.es\/#\/schema\/logo\/image\/","url":"http:\/\/aperpsicologia.es\/wp-content\/uploads\/2024\/07\/Logo-Sin-Fondo.png","contentUrl":"http:\/\/aperpsicologia.es\/wp-content\/uploads\/2024\/07\/Logo-Sin-Fondo.png","width":372,"height":372,"caption":"Aper Psicolog\u00eda"},"image":{"@id":"https:\/\/aperpsicologia.es\/#\/schema\/logo\/image\/"}}]}},"_links":{"self":[{"href":"https:\/\/aperpsicologia.es\/en\/wp-json\/wp\/v2\/pages\/108","targetHints":{"allow":["GET"]}}],"collection":[{"href":"https:\/\/aperpsicologia.es\/en\/wp-json\/wp\/v2\/pages"}],"about":[{"href":"https:\/\/aperpsicologia.es\/en\/wp-json\/wp\/v2\/types\/page"}],"author":[{"embeddable":true,"href":"https:\/\/aperpsicologia.es\/en\/wp-json\/wp\/v2\/users\/1"}],"replies":[{"embeddable":true,"href":"https:\/\/aperpsicologia.es\/en\/wp-json\/wp\/v2\/comments?post=108"}],"version-history":[{"count":28,"href":"https:\/\/aperpsicologia.es\/en\/wp-json\/wp\/v2\/pages\/108\/revisions"}],"predecessor-version":[{"id":922,"href":"https:\/\/aperpsicologia.es\/en\/wp-json\/wp\/v2\/pages\/108\/revisions\/922"}],"wp:attachment":[{"href":"https:\/\/aperpsicologia.es\/en\/wp-json\/wp\/v2\/media?parent=108"}],"curies":[{"name":"wp","href":"https:\/\/api.w.org\/{rel}","templated":true}]}}

<div data-elementor-type="wp-page" data-elementor-id="108" class="elementor elementor-108" data-elementor-post-type="page">
				<div class="elementor-element elementor-element-62f7578 e-flex e-con-boxed e-con e-parent" data-id="62f7578" data-element_type="container">
					<div class="e-con-inner">
				<div class="elementor-element elementor-element-5241b8c elementor-widget elementor-widget-text-editor" data-id="5241b8c" data-element_type="widget" data-widget_type="text-editor.default">
				<div class="elementor-widget-container">
									<h2>Datos identificativos</h2>
<ul>
 	<li>Titular: <strong>FRANCISCO JAVIER VERGARA BOLOS</strong></li>
 	<li>NIF / CIF: <strong>07562930R</strong></li>
 	<li>Correo electrónico: <b>anaperezlopez@cop.es</b></li>
 	<li>Domicilio social: <strong>Plaza Isabel II 1, Entreplanta, puerta 3, 02005, Albacete, Albacete</strong></li>
</ul>
<h2>Propiedad Intelectual</h2>
<p style="padding-left: 40px;">La empresa es titular de todos los derechos de propiedad intelectual e industrial de esta página web, así como de los elementos de contenido en la misma. Todos los derechos están reservados.</p>
En virtud de lo dispuesto en los artículos 8 y 32.1, párrafo segundo, de la Ley de Propiedad Intelectual, quedan expresamente prohibidas la reproducción, la distribución y la comunicación pública, incluida su modalidad de puesta a disposición, de la totalidad o parte de los contenidos de esta página web, con fines comerciales, en cualquier soporte y por cualquier medio técnico, sin la autorización de la empresa.
<h2>Enlaces externos y banners</h2>
<p style="padding-left: 40px;">En caso de que la página web incluya enlaces externos a otras páginas web, tiene una finalidad meramente informativa, y no supone que la empresa recomiende dichas páginas web, sobre los que no ejerce control alguno, ni es responsable de los mismos.</p>

<h2>Blog</h2>
<p style="padding-left: 40px;">En caso de que la página web tenga un apartado con características de blog, su finalidad es la difusión de los diferentes servicios ofrecidos por la empresa. El titular de la web no se responsabiliza de las opiniones de los usuarios y se reserva los derechos de borrar los comentarios que pudieran resultar ofensivos o denigrantes. Además, puede bloquear e impedir los futuros comentarios provenientes de los autores de dichos comentarios.</p>

<h2>Términos generales de uso</h2>
<p style="padding-left: 40px;">El acceso y uso de este página web le atribuye la condición de usuario, aceptando los términos y condiciones generales de uso para poder usar todos los servicios e información que se facilitan. Las presentes condiciones generales de uso regulan el acceso y la utilización de la página web, incluyendo los contenidos y los servicios puestos a disposición de los usuarios. El mero acceso o utilización en esta página web, de todos o parte, de sus contenidos y servicios significa la plena aceptación de las presentes condiciones de uso.</p>
Para informarte de los datos personales que recabamos y la forma en que lo hacemos puedes acceder a nuestra Política de Privacidad.

Esta web, por tanto, cumple rigurosamente con el RGPD (REGLAMENTO UE 2016/679 de protección de datos) y la LSSI-CE la Ley 34/2002, del 11 de julio, de servicios de la sociedad de la información y de comercio electrónico.								</div>
				</div>
					</div>
				</div>
				</div>

<p>Datos identificativos Titular: FRANCISCO JAVIER VERGARA BOLOS NIF / CIF: 07562930R Correo electrónico: anaperezlopez@cop.es Domicilio social: Plaza Isabel II 1, Entreplanta, puerta 3, 02005, Albacete, Albacete Propiedad Intelectual La empresa es titular de todos los derechos de propiedad intelectual e industrial de esta página web, así como de los elementos de contenido en la misma. Todos los [&hellip;]</p>

<!-- This site is optimized with the Yoast SEO plugin v24.9 - https://yoast.com/wordpress/plugins/seo/ -->
<title>Aviso Legal - Aper Psicología</title>
<meta name="robots" content="index, follow, max-snippet:-1, max-image-preview:large, max-video-preview:-1" />
<link rel="canonical" href="https://aperpsicologia.es/en/aviso-legal/" />
<meta property="og:locale" content="en_US" />
<meta property="og:type" content="article" />
<meta property="og:title" content="Aviso Legal - Aper Psicología" />
<meta property="og:description" content="Datos identificativos Titular: FRANCISCO JAVIER VERGARA BOLOS NIF / CIF: 07562930R Correo electrónico: anaperezlopez@cop.es Domicilio social: Plaza Isabel II 1, Entreplanta, puerta 3, 02005, Albacete, Albacete Propiedad Intelectual La empresa es titular de todos los derechos de propiedad intelectual e industrial de esta página web, así como de los elementos de contenido en la misma. Todos los [&hellip;]" />
<meta property="og:url" content="https://aperpsicologia.es/en/aviso-legal/" />
<meta property="og:site_name" content="Aper Psicología" />
<meta property="article:modified_time" content="2024-08-21T08:50:27+00:00" />
<meta name="twitter:card" content="summary_large_image" />
<meta name="twitter:label1" content="Est. reading time" />
	<meta name="twitter:data1" content="2 minutes" />
<script type="application/ld+json" class="yoast-schema-graph">{"@context":"https://schema.org","@graph":[{"@type":"WebPage","@id":"https://aperpsicologia.es/aviso-legal/","url":"https://aperpsicologia.es/aviso-legal/","name":"Aviso Legal - Aper Psicología","isPartOf":{"@id":"https://aperpsicologia.es/#website"},"datePublished":"2024-07-23T08:23:27+00:00","dateModified":"2024-08-21T08:50:27+00:00","breadcrumb":{"@id":"https://aperpsicologia.es/aviso-legal/#breadcrumb"},"inLanguage":"en-US","potentialAction":[{"@type":"ReadAction","target":["https://aperpsicologia.es/aviso-legal/"]}]},{"@type":"BreadcrumbList","@id":"https://aperpsicologia.es/aviso-legal/#breadcrumb","itemListElement":[{"@type":"ListItem","position":1,"name":"Home","item":"https://aperpsicologia.es/"},{"@type":"ListItem","position":2,"name":"Aviso Legal"}]},{"@type":"WebSite","@id":"https://aperpsicologia.es/#website","url":"https://aperpsicologia.es/","name":"Aper Psicología","description":"","publisher":{"@id":"https://aperpsicologia.es/#organization"},"potentialAction":[{"@type":"SearchAction","target":{"@type":"EntryPoint","urlTemplate":"https://aperpsicologia.es/?s={search_term_string}"},"query-input":{"@type":"PropertyValueSpecification","valueRequired":true,"valueName":"search_term_string"}}],"inLanguage":"en-US"},{"@type":"Organization","@id":"https://aperpsicologia.es/#organization","name":"Aper Psicología","url":"https://aperpsicologia.es/","logo":{"@type":"ImageObject","inLanguage":"en-US","@id":"https://aperpsicologia.es/#/schema/logo/image/","url":"http://aperpsicologia.es/wp-content/uploads/2024/07/Logo-Sin-Fondo.png","contentUrl":"http://aperpsicologia.es/wp-content/uploads/2024/07/Logo-Sin-Fondo.png","width":372,"height":372,"caption":"Aper Psicología"},"image":{"@id":"https://aperpsicologia.es/#/schema/logo/image/"}}]}</script>
<!-- / Yoast SEO plugin. -->

Aviso Legal - Aper Psicología

Datos identificativos Titular: FRANCISCO JAVIER VERGARA BOLOS NIF / CIF: 07562930R Correo electrónico: anaperezlopez@cop.es Domicilio social: Plaza Isabel II 1, Entreplanta, puerta 3, 02005, Albacete, Albacete Propiedad Intelectual La empresa es titular de todos los derechos de propiedad intelectual e industrial de esta página web, así como de los elementos de contenido en la misma. Todos los [&hellip;]

Aper Psicología
